{"id":120,"date":"2023-10-10T19:13:35","date_gmt":"2023-10-10T19:13:35","guid":{"rendered":"http:\/\/abisphere.com\/?page_id=120"},"modified":"2023-10-17T23:50:13","modified_gmt":"2023-10-17T23:50:13","slug":"acerca-de","status":"publish","type":"page","link":"https:\/\/abisphere.com\/?page_id=120","title":{"rendered":"Acerca de"},"content":{"rendered":"\n<p><\/p>\n\n\n\n<hr class=\"wp-block-separator alignwide has-alpha-channel-opacity\"\/>\n\n\n\n<div class=\"wp-block-media-text alignwide has-media-on-the-right is-stacked-on-mobile is-vertically-aligned-center\" style=\"grid-template-columns:auto 43%\"><div class=\"wp-block-media-text__content\">\n<p class=\"has-text-align-left\">M\u00e1s all\u00e1 de cu\u00e1l sea la elecci\u00f3n, de acuerdo con la necesidad espec\u00edfica de cada cliente e implementaci\u00f3n, hoy la clave est\u00e1 en la independencia tecnol\u00f3gica, por lo tanto,\u00a0ABISPHERE\u00a0pone en tus manos su conocimiento y experiencia de mercado, as\u00ed como la capacidad para seleccionar, evaluar, integrar e implementar herramientas tecnol\u00f3gicas para cubrir tus requerimientos tecnol\u00f3gicos.<\/p>\n\n\n\n<p><\/p>\n<\/div><figure class=\"wp-block-media-text__media\"><img decoding=\"async\" loading=\"lazy\" width=\"680\" height=\"293\" src=\"http:\/\/abisphere.com\/wp-content\/uploads\/2023\/10\/logo-pagina-png.png\" alt=\"\" class=\"wp-image-195 size-full\" srcset=\"https:\/\/abisphere.com\/wp-content\/uploads\/2023\/10\/logo-pagina-png.png 680w, https:\/\/abisphere.com\/wp-content\/uploads\/2023\/10\/logo-pagina-png-300x129.png 300w\" sizes=\"(max-width: 680px) 100vw, 680px\" \/><\/figure><\/div>\n\n\n\n<hr class=\"wp-block-separator has-alpha-channel-opacity\"\/>\n\n\n\n<p><\/p>\n\n\n\n<figure class=\"wp-block-embed alignwide is-type-video is-provider-youtube wp-block-embed-youtube wp-embed-aspect-16-9 wp-has-aspect-ratio\"><div class=\"wp-block-embed__wrapper\">\n<iframe loading=\"lazy\" title=\"kaspersky mapa\" width=\"500\" height=\"281\" src=\"https:\/\/www.youtube.com\/embed\/Ph53dMZBJWI?feature=oembed\" frameborder=\"0\" allow=\"accelerometer; autoplay; clipboard-write; encrypted-media; gyroscope; picture-in-picture; web-share\" allowfullscreen><\/iframe>\n<\/div><figcaption class=\"wp-element-caption\">Kaspersky  Mapa de ciberataques en tiempo real<\/figcaption><\/figure>\n","protected":false},"excerpt":{"rendered":"<p>M\u00e1s all\u00e1 de cu\u00e1l sea la elecci\u00f3n, de acuerdo con la necesidad espec\u00edfica de cada cliente e implementaci\u00f3n, hoy la clave est\u00e1 en la independencia tecnol\u00f3gica, por lo tanto,\u00a0ABISPHERE\u00a0pone en tus manos su conocimiento y experiencia de mercado, as\u00ed como la capacidad para seleccionar, evaluar, integrar e implementar herramientas tecnol\u00f3gicas para cubrir tus requerimientos tecnol\u00f3gicos.<\/p>\n","protected":false},"author":1,"featured_media":0,"parent":0,"menu_order":0,"comment_status":"closed","ping_status":"closed","template":"","meta":{"footnotes":""},"_links":{"self":[{"href":"https:\/\/abisphere.com\/index.php?rest_route=\/wp\/v2\/pages\/120"}],"collection":[{"href":"https:\/\/abisphere.com\/index.php?rest_route=\/wp\/v2\/pages"}],"about":[{"href":"https:\/\/abisphere.com\/index.php?rest_route=\/wp\/v2\/types\/page"}],"author":[{"embeddable":true,"href":"https:\/\/abisphere.com\/index.php?rest_route=\/wp\/v2\/users\/1"}],"replies":[{"embeddable":true,"href":"https:\/\/abisphere.com\/index.php?rest_route=%2Fwp%2Fv2%2Fcomments&post=120"}],"version-history":[{"count":11,"href":"https:\/\/abisphere.com\/index.php?rest_route=\/wp\/v2\/pages\/120\/revisions"}],"predecessor-version":[{"id":200,"href":"https:\/\/abisphere.com\/index.php?rest_route=\/wp\/v2\/pages\/120\/revisions\/200"}],"wp:attachment":[{"href":"https:\/\/abisphere.com\/index.php?rest_route=%2Fwp%2Fv2%2Fmedia&parent=120"}],"curies":[{"name":"wp","href":"https:\/\/api.w.org\/{rel}","templated":true}]}}